{"id":3240,"date":"2025-11-07T15:25:36","date_gmt":"2025-11-07T15:25:36","guid":{"rendered":"https:\/\/tiles4you.pt\/?post_type=product&#038;p=3240"},"modified":"2026-04-01T15:37:21","modified_gmt":"2026-04-01T15:37:21","slug":"a-procissao-de-amadeo-de-sousa-cardoso","status":"publish","type":"product","link":"https:\/\/tiles4you.pt\/index.php\/produto\/a-procissao-de-amadeo-de-sousa-cardoso\/","title":{"rendered":"A Prociss\u00e3o de Amadeo de Sousa Cardoso"},"content":{"rendered":"<p>Painel de 15 azulejos com reprodu\u00e7\u00e3o da pintura de Anadeo &#8221; A Prociss\u00e3o&#8221;-<\/p>\n<p>Dimens\u00f5es: 76cmX45,2cm<\/p>\n","protected":false},"excerpt":{"rendered":"<p>Painel de 15 azulejos com reprodu\u00e7\u00e3o da pintura de Anadeo &#8221; A Prociss\u00e3o&#8221;- Dimens\u00f5es: 76cmX45,2cm<\/p>\n","protected":false},"featured_media":3241,"comment_status":"open","ping_status":"closed","template":"","meta":{"om_disable_all_campaigns":false,"_exactmetrics_skip_tracking":false,"_exactmetrics_sitenote_active":false,"_exactmetrics_sitenote_note":"","_exactmetrics_sitenote_category":0},"product_brand":[],"product_cat":[15],"product_tag":[],"class_list":{"0":"post-3240","1":"product","2":"type-product","3":"status-publish","4":"has-post-thumbnail","6":"product_cat-paineis-com-mais-6-azulejos","8":"first","9":"instock","10":"shipping-taxable","11":"purchasable","12":"product-type-simple"},"aioseo_notices":[],"jetpack_sharing_enabled":true,"_links":{"self":[{"href":"https:\/\/tiles4you.pt\/index.php\/wp-json\/wp\/v2\/product\/3240","targetHints":{"allow":["GET"]}}],"collection":[{"href":"https:\/\/tiles4you.pt\/index.php\/wp-json\/wp\/v2\/product"}],"about":[{"href":"https:\/\/tiles4you.pt\/index.php\/wp-json\/wp\/v2\/types\/product"}],"replies":[{"embeddable":true,"href":"https:\/\/tiles4you.pt\/index.php\/wp-json\/wp\/v2\/comments?post=3240"}],"wp:featuredmedia":[{"embeddable":true,"href":"https:\/\/tiles4you.pt\/index.php\/wp-json\/wp\/v2\/media\/3241"}],"wp:attachment":[{"href":"https:\/\/tiles4you.pt\/index.php\/wp-json\/wp\/v2\/media?parent=3240"}],"wp:term":[{"taxonomy":"product_brand","embeddable":true,"href":"https:\/\/tiles4you.pt\/index.php\/wp-json\/wp\/v2\/product_brand?post=3240"},{"taxonomy":"product_cat","embeddable":true,"href":"https:\/\/tiles4you.pt\/index.php\/wp-json\/wp\/v2\/product_cat?post=3240"},{"taxonomy":"product_tag","embeddable":true,"href":"https:\/\/tiles4you.pt\/index.php\/wp-json\/wp\/v2\/product_tag?post=3240"}],"curies":[{"name":"wp","href":"https:\/\/api.w.org\/{rel}","templated":true}]}}