{"id":1107,"date":"2023-03-03T17:34:42","date_gmt":"2023-03-03T17:34:42","guid":{"rendered":"https:\/\/tiles4you.pt\/?post_type=product&#038;p=1107"},"modified":"2026-04-16T15:23:21","modified_gmt":"2026-04-16T15:23:21","slug":"pa-805-o-barbeiro-da-aldeia-pintura-de-jose-malhoa-1902","status":"publish","type":"product","link":"https:\/\/tiles4you.pt\/index.php\/produto\/pa-805-o-barbeiro-da-aldeia-pintura-de-jose-malhoa-1902\/","title":{"rendered":"PA-805"},"content":{"rendered":"<h3 class=\"LC20lb MBeuO xvfwl\">O Barbeiro da Aldeia Pintura de Jos\u00e9 Malhoa, 1902<\/h3>\n<p>Mural de 12 azulejos cer\u00e2micos.<\/p>\n<p>Dimens\u00f5es: 60,8X45,3 cm<\/p>\n","protected":false},"excerpt":{"rendered":"<p>O Barbeiro da Aldeia Pintura de Jos\u00e9 Malhoa, 1902 Mural de 12 azulejos cer\u00e2micos. Dimens\u00f5es: 60,8X45,3 cm<\/p>\n","protected":false},"featured_media":1109,"comment_status":"open","ping_status":"closed","template":"","meta":{"om_disable_all_campaigns":false,"_exactmetrics_skip_tracking":false,"_exactmetrics_sitenote_active":false,"_exactmetrics_sitenote_note":"","_exactmetrics_sitenote_category":0},"product_brand":[],"product_cat":[15],"product_tag":[],"class_list":{"0":"post-1107","1":"product","2":"type-product","3":"status-publish","4":"has-post-thumbnail","6":"product_cat-paineis-com-mais-6-azulejos","8":"first","9":"instock","10":"shipping-taxable","11":"purchasable","12":"product-type-simple"},"aioseo_notices":[],"jetpack_sharing_enabled":true,"_links":{"self":[{"href":"https:\/\/tiles4you.pt\/index.php\/wp-json\/wp\/v2\/product\/1107","targetHints":{"allow":["GET"]}}],"collection":[{"href":"https:\/\/tiles4you.pt\/index.php\/wp-json\/wp\/v2\/product"}],"about":[{"href":"https:\/\/tiles4you.pt\/index.php\/wp-json\/wp\/v2\/types\/product"}],"replies":[{"embeddable":true,"href":"https:\/\/tiles4you.pt\/index.php\/wp-json\/wp\/v2\/comments?post=1107"}],"wp:featuredmedia":[{"embeddable":true,"href":"https:\/\/tiles4you.pt\/index.php\/wp-json\/wp\/v2\/media\/1109"}],"wp:attachment":[{"href":"https:\/\/tiles4you.pt\/index.php\/wp-json\/wp\/v2\/media?parent=1107"}],"wp:term":[{"taxonomy":"product_brand","embeddable":true,"href":"https:\/\/tiles4you.pt\/index.php\/wp-json\/wp\/v2\/product_brand?post=1107"},{"taxonomy":"product_cat","embeddable":true,"href":"https:\/\/tiles4you.pt\/index.php\/wp-json\/wp\/v2\/product_cat?post=1107"},{"taxonomy":"product_tag","embeddable":true,"href":"https:\/\/tiles4you.pt\/index.php\/wp-json\/wp\/v2\/product_tag?post=1107"}],"curies":[{"name":"wp","href":"https:\/\/api.w.org\/{rel}","templated":true}]}}