{"id":6084,"date":"2026-04-19T19:14:17","date_gmt":"2026-04-19T19:14:17","guid":{"rendered":"https:\/\/tiles4you.pt\/?page_id=6084"},"modified":"2026-04-19T19:14:22","modified_gmt":"2026-04-19T19:14:22","slug":"sobre","status":"publish","type":"page","link":"https:\/\/tiles4you.pt\/index.php\/sobre\/","title":{"rendered":"Sobre"},"content":{"rendered":"\n<p>A nossa loja nasce da paix\u00e3o pela arte, pela cer\u00e2mica e pela tradi\u00e7\u00e3o portuguesa dos azulejos. Aqui, transformamos obras de arte famosas em pain\u00e9is de azulejos \u00fanicos, combinando patrim\u00f3nio cultural com design contempor\u00e2neo.<\/p>\n\n\n\n<p>Este projeto foi criado por Jorge Pedras, natural de Barcelos e atualmente residente em Guimar\u00e3es. Professor de forma\u00e7\u00e3o e antigo diretor de uma escola secund\u00e1ria, Jorge sempre manteve uma liga\u00e7\u00e3o profunda ao ensino, \u00e0 cultura e \u00e0s artes. J\u00e1 reformado, decidiu dedicar-se a um sonho antigo: criar uma forma de levar grandes obras de arte para al\u00e9m dos museus e galerias, trazendo-as para o quotidiano das pessoas atrav\u00e9s do azulejo portugu\u00eas.<\/p>\n\n\n\n<p>Cada pe\u00e7a que produzimos reflete esse cuidado e essa vis\u00e3o \u2014 unir a riqueza da hist\u00f3ria da arte com a durabilidade e identidade do azulejo nacional.<\/p>\n\n\n\n<p>Mais do que decora\u00e7\u00e3o, acreditamos que cada painel conta uma hist\u00f3ria. Uma hist\u00f3ria que come\u00e7a na arte original e ganha nova vida nas m\u00e3os da tradi\u00e7\u00e3o cer\u00e2mica portuguesa.<\/p>\n\n\n\n<p><\/p>\n","protected":false},"excerpt":{"rendered":"<p>A nossa loja nasce da paix\u00e3o pela arte, pela cer\u00e2mica e pela tradi\u00e7\u00e3o portuguesa dos azulejos. Aqui, transformamos obras de arte famosas em pain\u00e9is de azulejos \u00fanicos, combinando patrim\u00f3nio cultural com design contempor\u00e2neo. Este projeto foi criado por Jorge Pedras, natural de Barcelos e atualmente residente em Guimar\u00e3es. Professor de forma\u00e7\u00e3o e antigo diretor de [&hellip;]<\/p>\n","protected":false},"author":2,"featured_media":0,"parent":0,"menu_order":0,"comment_status":"closed","ping_status":"closed","template":"","meta":{"om_disable_all_campaigns":false,"_exactmetrics_skip_tracking":false,"_exactmetrics_sitenote_active":false,"_exactmetrics_sitenote_note":"","_exactmetrics_sitenote_category":0,"footnotes":""},"class_list":["post-6084","page","type-page","status-publish","hentry"],"aioseo_notices":[],"jetpack_sharing_enabled":true,"_links":{"self":[{"href":"https:\/\/tiles4you.pt\/index.php\/wp-json\/wp\/v2\/pages\/6084","targetHints":{"allow":["GET"]}}],"collection":[{"href":"https:\/\/tiles4you.pt\/index.php\/wp-json\/wp\/v2\/pages"}],"about":[{"href":"https:\/\/tiles4you.pt\/index.php\/wp-json\/wp\/v2\/types\/page"}],"author":[{"embeddable":true,"href":"https:\/\/tiles4you.pt\/index.php\/wp-json\/wp\/v2\/users\/2"}],"replies":[{"embeddable":true,"href":"https:\/\/tiles4you.pt\/index.php\/wp-json\/wp\/v2\/comments?post=6084"}],"version-history":[{"count":1,"href":"https:\/\/tiles4you.pt\/index.php\/wp-json\/wp\/v2\/pages\/6084\/revisions"}],"predecessor-version":[{"id":6085,"href":"https:\/\/tiles4you.pt\/index.php\/wp-json\/wp\/v2\/pages\/6084\/revisions\/6085"}],"wp:attachment":[{"href":"https:\/\/tiles4you.pt\/index.php\/wp-json\/wp\/v2\/media?parent=6084"}],"curies":[{"name":"wp","href":"https:\/\/api.w.org\/{rel}","templated":true}]}}